is divided by 80/14 + 6/21.
4
Let z(k) = -12*k**3 + 1. Let s be z(-1). Let w = 27 - s. What is the remainder when (-4)/26 - (-2289)/91 is divided by w?
11
Suppose 134*h - 97*h - 1110 = 0. Let x = 184 - 97. What is the remainder when x is divided by h?
27
Let r(h) = -h**3 + 5*h**2 + 2*h - 17. What is the remainder when 27 is divided by r(4)?
6
Suppose 11*w - 4*w = -28. What is the remainder when ((-4)/(-2) + 12)/((-2)/w) is divided by 10?
8
Let r be 33/12 + 2/8. Suppose 0*c + 4*c + 4*q = 4, 3*c - r*q = 21. Calculate the remainder when 19 is divided by 5/(2 - 6/c).
9
Suppose 0*b + 4*b = -536. Let c = 20 - 11. Calculate the remainder when 6/c - b/6 is divided by 13.
10
Let k = -49 + 65. Let m = 8 - -29. What is the remainder when m is divided by k?
5
Let n(w) = -w**3 + 9*w**2 + 13*w - 8. What is the remainder when n(9) is divided by 12?
1
Let k = 328 + -307. Calculate the remainder when k is divided by 11.
10
Let x = 8 + -2. Let a = 77 - 42. Suppose 4*c + 29 = l, -5*l + a = -0*l + 2*c. What is the remainder when l is divided by x?
3
Calculate the remainder when (-5 + 216/16)*10 is divided by 9.
4
Let a(u) = 4*u + 12. Let p be a(-5). Let m = -3 - p. Suppose m*c = -4*f - 6, c = -2*f + 5*f - 5. What is the remainder when f is divided by 1?
0
Let c be 1508/182 - (2 - 12/7). Calculate the remainder when 85 is divided by 3*15*7/140*c.
13
Suppose -28 = -4*l - 4*i, -3*l - 2 + 3 = -i. Suppose l*f - 2 = 4. Calculate the remainder when (-44)/6*(-3)/2 is divided by f.
2
Let g(w) = 87*w + 12. Suppose 0 = -0*u - 4*u - 4*f + 196, 3*f = 4*u - 182. Calculate the remainder when g(2) is divided by u.
45
Let b be (-60)/(-33) - 8/(-44). Let m be b + 0 + 2 + 1. Suppose 4*h - m*a - 10 = -h, a = -h + 12. Calculate the remainder when 27 is divided by h.
6
Let d be (1/2)/(4/376). Let y = d + -33. Let c(b) = 2*b**2 - 8*b - 18. What is the remainder when c(7) is divided by y?
10
Let o = 584 - 525. Let p(l) = -2*l + 5. Calculate the remainder when o is divided by p(-5).
14
Let d(j) = -58*j**2 + 4*j - 3. Let y be d(1). Let i = 84 + y. Calculate the remainder when i is divided by 3.
0
Let b = -9 - -16. Suppose -10*s + 89 + 31 = 0. What is the remainder when s is divided by b?
5
Suppose 3*j - 322 = -58. Suppose 0 = 5*r + j - 323. Let h = r + -21. Calculate the remainder when 75 is divided by h.
23
Suppose 4*r - 5*i = 6, -4*r - 5*i - 15 = r. Let d(n) be the first derivative of 53*n**3/3 - n - 40. Calculate the remainder when d(r) is divided by 18.
16
Let a be (-4)/(-7)*21/3. What is the remainder when 65 is divided by 14 - a*3/24*-6?
14
Suppose -4*v + o + 35 = 0, v - 2*o = -2*v + 25. Let u(r) = -r + 2. Let n be u(4). Let p = n + v. Calculate the remainder when 26 is divided by p.
5
Let i be (15/(-6) - -1)*18. Let p = i + 144. Suppose -7*n + 78 = -132. What is the remainder when p is divided by n?
27
Suppose 5*p + z = 8*p - 656, -5*p - 4*z + 1082 = 0. What is the remainder when p is divided by 58?
44
Let a(x) = 342*x + 1. Let k be a(2). Suppose -10*r + k = -5*r. Calculate the remainder when r is divided by 28.
25
Let v(j) = 3*j + 58. What is the remainder when 53 is divided by v(-18)?
1
Let x be (14/(-42))/(2/(-198)). Suppose -5*h + x = -27. Let m = 30 - -4. What is the remainder when m is divided by h?
10
Let w(r) = -4*r - r**2 + 4*r + 17 + 6*r + 10*r. Let y be w(18). Let p = y + 30. Calculate the remainder when 64 is divided by p.
9
Let p = -9 - -158. What is the remainder when p is divided by 19?
16
Suppose 17*j - t = 13*j + 541, 0 = -j + 4*t + 124. What is the remainder when j is divided by 12?
4
Let a = -6 - -2. Let r(y) = -7*y - 2. Suppose x - 2*x + 14 = 0. What is the remainder when r(a) is divided by x?
12
Calculate the remainder when -12*(-8)/(-36)*-6 is divided by 8.
0
Let d = 40 - 36. Suppose 0 = o + d*x - 36, 8*o - 4*o + 2*x = 116. What is the remainder when o is divided by 10?
8
Let x = -848 + 858. Suppose 2*p - 4*a - 39 = p, 5*a = -2*p + 78. What is the remainder when p is divided by x?
9
Suppose -3*o + 3*i + 237 = 0, -163 - 71 = -3*o + 2*i. Let d = o - 52. What is the remainder when 94 is divided by d?
22
Let n(r) = r**2 - 7*r + 6. Let c = -13 + 17. Let y be n(c). Let w = y - -14. Calculate the remainder when 14 is divided by w.
6
Suppose 5*p = -2*q + 1 - 10, -25 = -5*q - 3*p. Suppose -3*t = -q*t + 45. Let s = 474 + -450. Calculate the remainder when s is divided by t.
6
Let d(o) = o**2 - o + 1. Let m be d(-1). Suppose m*u - 175 = -2*x, 2*u + 155 = 2*x + u. Calculate the remainder when x is divided by 27.
26
Suppose -185*c = -184*c - 780. Calculate the remainder when c is divided by 71.
70
What is the remainder when (-3)/(((-105)/(-485))/(-7)) is divided by 25?
22
Let m(f) = -f**2 - 3*f + 29. Let r be m(-7). What is the remainder when 44 is divided by ((-2)/r)/(3/150*-4)?
19
Let q = 5 + -2. Suppose 8*g + 214*g + 42*g - 1320 = 0. What is the remainder when g is divided by q?
2
Let o(z) = z**3 + 5*z**2 - 15*z - 7. Let m be o(-7). Suppose 4 = j - 3*k - 11, m = 4*k + 12. Calculate the remainder when 27 is divided by j.
3
Let w = 3762 - 3664. Let g(c) = -5*c + 2. Calculate the remainder when w is divided by g(-3).
13
Suppose -3*b + 3 = -6. Suppose q + b*q - 64 = 4*u, 4*q = u + 73. What is the remainder when q is divided by 1*2*(-11)/(-2)?
8
Suppose 4*t + 8 = -i, -4*i + i + 5*t = -27. Let n(f) = i*f + 13 - 5*f - 4*f + 3*f. What is the remainder when 78 is divided by n(-7)?
24
Let s = -15 - -18. Suppose -2*j - 36 = s*r - 7*j, 0 = -5*r + 4*j - 47. Calculate the remainder when (595/(-10))/r*2 is divided by 10.
7
Suppose -d + 2*d - 11 = 0. Let s(c) = -9*c - 7. Let l be s(6). Let p = -18 - l. What is the remainder when p is divided by d?
10
Let k be -8 - -23 - (0 - 3). Let m be (-5)/(10/k)*-6. Suppose m = 5*o + o. Calculate the remainder when o is divided by 2.
1
Suppose o - 335 = 3*x, -2*o = -3*x - 4*o - 329. Let z = x + 160. Let y = 341 + -324. What is the remainder when z is divided by y?
15
Let y = -17 + 19. Suppose y*l = 2*o + 154, -4*l + 152 = -2*l - o. Suppose -5*t = -8*t + l. What is the remainder when t is divided by 13?
12
Let q = 28 + -15. Suppose -1 - q = -o. Suppose 2*r = o + 14. What is the remainder when 54 is divided by r?
12
Let d = -74 + 438. Calculate the remainder when d is divided by 89.
8
Let q = 29 + -26. Let c be (q/(-4))/(12/(-32)). Calculate the remainder when 88 - 0*c/(-4) is divided by 15.
13
Let c be 2973/6 - 0 - 1/2. Suppose 15*i = 10*i + c. Calculate the remainder when i is divided by 34.
31
Suppose 0 = 2*j + 2*i - 44, -i + 5*i + 38 = 2*j. What is the remainder when j is divided by 12?
9
Suppose -h + 15*i - 17*i + 30 = 0, -3*h - i + 80 = 0. Suppose j + 18 = 2*j - 2*y, 5*y = -2*j + 18. Calculate the remainder when h is divided by j.
12
Let d be 32/((6/15)/1). Suppose -28 = -2*v + 5*u, -5*v + 2*u = -d - 32. What is the remainder when 93 is divided by v?
21
Let i(f) = -f**3 - 4*f**2 - 3*f + 4. Let l be i(-3). Suppose 5*o - 245 = -5*k, -l*o - o - 4*k + 241 = 0. Calculate the remainder when o is divided by 8.
5
Calculate the remainder when 1/2*(-28)/6*-36 is divided by 11 - 12/4 - -3.
7
Let w = -137 - -92. Calculate the remainder when -3 - (174/(-10) + (-18)/w) is divided by 9.
5
Let o(k) = -4*k - 13. Let b be o(-9). Let j = b - 9. What is the remainder when j is divided by (8/(-10))/(7/(-70))?
6
Let q(s) = -s**3 - 79*s**2 - 162*s - 299. Let c = 132 - 68. Calculate the remainder when q(-77) is divided by c.
61
Calculate the remainder when 1/((-1 - 1) + (-1752)/(-872)) is divided by 14.
11
Suppose -2*i + 1 + 21 = 0. Let a = i + -9. Suppose 2*v - 30 = -a. Calculate the remainder when 41 is divided by v.
13
Suppose h + h = -100. Let t = -31 - h. Calculate the remainder when 55 is divided by t.
17
Let x = 686 - 608. What is the remainder when 231 is divided by x?
75
Let b = -16 - -16. Suppose -2*z - 2*n + 12 = b, 39 = 5*z - z + n. Calculate the remainder when z is divided by 3.
2
Let x = 46 - -54. What is the remainder when x is divided by 17?
15
Let s(y) = -3*y**2 - 25*y + 6. What is the remainder when 51 is divided by s(-8)?
9
Let r = -3 + 3. Let p be r/1 - 35/5. Let b = p - -34. What is the remainder when b is divided by 15?
12
Let x(g) = g**3 + 8*g**2 - g + 8. Suppose -k - 16 = k. Suppose -m + 230 = 4*m. What is the remainder when m is divided b